45a0
In base 5, what is -23342431042 + 0?
-23342431042
In base 13, what is 1c64032 - -8?
1c6403a
In base 6, what is -2145031 - 2155?
-2151230
In base 2, what is -101100010 - 1101100000110001111?
-1101100001011110001
In base 10, what is -143032360 - -4?
-143032356
In base 16, what is 9ad4a + -f?
9ad3b
In base 13, what is -107837c1 - 1?
-107837c2
In base 4, what is 20211230 - 20323?
20130301
In base 9, what is 13 + 6688178?
6688202
In base 16, what is 43989df - 5?
43989da
In base 13, what is 888442b7 + -1?
888442b6
In base 12, what is -19961 + 3966?
-15bb7
In base 12, what is -84a19b3a - -4?
-84a19b36
In base 7, what is 3 + -105514310?
-105514304
In base 14, what is -1aa801c - 68?
-1aa8086
In base 5, what is -343030 + -1042?
-344122
In base 6, what is 11003234 - 213?
11003021
In base 2, what is -11111010101100 - 1100001000100?
-101011011110000
In base 12, what is 6 + 4bb15a1?
4bb15a7
In base 4, what is -303021 - -1212?
-301203
In base 6, what is -125 + 110441421?
110441252
In base 9, what is -4437268 - 21?
-4437300
In base 2, what is -100010111011011010111 + -10?
-100010111011011011001
In base 10, what is -6 - 11488399?
-11488405
In base 11, what is 708 + -4532?
-3925
In base 13, what is 4796745c + 3?
47967462
In base 16, what is -10a8b28 + 4?
-10a8b24
In base 2, what is -101010001000010 + 1011111001000?
-11110001111010
In base 11, what is 7560 + a4?
7654
In base 15, what is -1a2e6 - -173?
-1a173
In base 16, what is -5 + 85c709?
85c704
In base 16, what is -6 + 240842?
24083c
In base 5, what is -202231 + 2023403?
1321122
In base 16, what is -4 + -9ba2c?
-9ba30
In base 4, what is 1011302 - 1003103?
2133
In base 9, what is -125407284 - -2?
-125407282
In base 6, what is 5 - 12424413?
-12424404
In base 13, what is 8c35 - -288?
91c0
In base 2, what is -11111101110100011111011 + 1?
-11111101110100011111010
In base 14, what is 2 + -49a53cb?
-49a53c9
In base 12, what is 97500 - 9?
974b3
In base 13, what is -81b0b - -64?
-81a77
In base 4, what is -10 + 102131332023?
102131332013
In base 8, what is 32311 + 156?
32467
In base 14, what is -4 - -24b4724?
24b4720
In base 12, what is -2a3 - 9830?
-9b13
In base 15, what is 1186e702 + 3?
1186e705
In base 16, what is 466a - -30b?
4975
In base 16, what is 2a8884 + 1?
2a8885
In base 3, what is 2 - -1211011112122?
1211011112201
In base 14, what is -a66b - 436d?
-109da
In base 8, what is 10 + 1103027?
1103037
In base 11, what is -7 - -2a5a94?
2a5a88
In base 2, what is -111011111 - -1101001100001100101?
1101001011010000110
In base 16, what is 54 - -d131?
d185
In base 2, what is 1101111010101010100 - -10?
1101111010101010110
In base 14, what is -652a - -369?
-61a1
In base 15, what is -251c + -261?
-277d
In base 8, what is -131 + -4544330?
-4544461
In base 7, what is -212 + -345306?
-345521
In base 5, what is 310413041123 - 0?
310413041123
In base 8, what is -406333 - 160?
-406513
In base 14, what is 2 + 54d6112?
54d6114
In base 6, what is 310521250 - -121?
310521411
In base 8, what is -563 + 56250?
55465
In base 8, what is 67442 + 125?
67567
In base 11, what is a923571 + -1?
a923570
In base 9, what is 3 + -228444036?
-228444033
In base 8, what is -1541 - -51664?
50123
In base 8, what is -314105 - 404?
-314511
In base 11, what is 7 - -3433079?
3433085
In base 3, what is 1011 - 101011221120110?
-101011221112022
In base 7, what is 256454 + -332?
256122
In base 5, what is -102324 + -1334?
-104213
In base 10, what is -2935 - 752?
-3687
In base 11, what is -5 - -14269845?
14269840
In base 7, what is 601 + 26603?
30504
In base 13, what is -18aa746a + 2?
-18aa7468
In base 4, what is 323 - -1110300122?
1110301111
In base 6, what is 142 + -23352354?
-23352212
In base 2, what is -10 - 1101000000000100000100?
-1101000000000100000110
In base 3, what is -1002120 + 111200200220?
111122121100
In base 3, what is -121201 + -10112120?
-11011021
In base 5, what is -2 + 3231422141?
3231422134
In base 3, what is -201200021121 - -1122?
-201200012222
In base 8, what is -20712 + 1742?
-16750
In base 2, what is -10 - 10110001101011101010?
-10110001101011101100
In base 12, what is 220a4 - -317?
223bb
In base 7, what is -24542504 + 10?
-24542464
In base 4, what is 1 - 2200330311?
-2200330310
In base 7, what is -23 - -3551463?
3551440
In base 4, what is 3001333230 + -10001?
3001323223
In base 14, what is -2bc + d597?
d2b9
In base 8, what is -4 - 1346245746?
-1346245752
In base 10, what is 19 - 319404?
-319385
In base 5, what is -2 - 44200413231?
-44200413233
In base 7, what is 5560 - -65625?
104515
In base 16, what is -1 - 441e3c?
-441e3d
In base 11, what is 220088784 + -4?
220088780
In base 8, what is -26143732 + 5?
-26143725
In base 5, what is -3311413330 - 4?
-3311413334
In base 15, what is -181 - 8cb1?
-8e42
In base 13, what is -38795cb - -1?
-38795ca
In base 11, what is -1866490 - -4?
-1866487
In base 2, what is -100011010 - 1010101001110010?
-1010101110001100
In base 10, what is 0 + -7393381?
-7393381
In base 16, what is 1ffa9 + -6f?
1ff3a
In base 11, what is 19 + -292456?
-292438
In base 5, what is -4140422333 + 3?
-4140422330
In base 9, what is -68064673 + 4?
-68064668
In base 8, what is -656047615 + 1?
-656047614
In base 7, what is 4550361 + -23?
4550335
In base 3, what is 11102121 + 1020012012?
1101121210
In base 14, what is -48da306 - 1?
-48da307
In base 11, what is -12651 + 415?
-12237
In base 16, what is -55 - 219a1?
-219f6
In base 9, what is 518 + -750265?
-748646
In base 8, what is 1123363654 + -4?
1123363650
In base 2, what is 110001 + -10101101100100110011?
-10101101100100000010
In base 2, what is -1011101001101111100111110 - -1?
-1011101001101111100111101
In base 2, what is 10011000101100111 - 101000110?
10011000000100001
In base 11, what is -35 - -92893?
92859
In base 3, what is 20 - -122022221020010?
122022221020100
In base 7, what is 2 - 136321315?
-136321313
In base 4, what is -33032000 - -310302?
-32121032
In base 11, what is -92020 - 130?
-92150
In base 3, what is 20 - -110101201000211?
110101201001001
In base 14, what is 232ca7 - 7?
232ca0
In base 12, what is -8 + 278905a?
2789052
In base 3, what is 2220120201 - 1012111?
2212101020
In base 6, what is 103313053311 - 0?
103313053311
In base 6, what is -4 + 332512245?
332512241
In base 10, what is -36 - 5659965?
-5660001
In base 12, what is -15aa - -5800?
4212
In base 13, what is -568911 + -a?
-56891b
In base 9, what is -4234353 - -28?
-4234324
In base 3, what is -200011202 + -102102200?
-1002121102
In base 16, what is 41c7e + -9?
41c75
In base 5, what is -12144 + -12021124?
-12033323
In base 2, what is -100 + 11010100000000111110010?
11010100000000111101110
In base 10, what is 1624443 + -3?
1624440
In base 6, what is 11 - -1120514?
1120525
In base 10, what is -1000203396 + -4?
-1000203400
In base 8, what is 4 - -251157327?
251157333
In base 16, what is 3ac74f + 38?
3ac787
In base 3, what is -10011220021020200000 + -12?
-10011220021020200012
In base 7, what is 1523033 - -24061?
1550124
In base 2, what is 1100101000110 + -1111000010?
1010110000100
In base 13, what is -3b + 18a390b?
18a38a0
In base 14, what is 4 - 163934a?
-1639346
In base 4, what is 33232010301 - -201?
33232011102
In base 12, what is -1997112 + -11?
-1997123
In base 3, what is 112121221 + -12012?
112102202
In base 14, what is -3913 + -35?
-3948
In base 12, what is 992611 - -35?
992646
In base 4, what is 30103030 + 120?
30103210
In base 16, what is 32 + 16482c?
16485e
In base 13, what is -59a9 - -1654?
-4355
In base 9, what is -4025117 + 2?
-4025115
In base 13, what is -16 - -960a4?
9608b
In base 12, what is 4 + -422231ab?
-422231a7
In base 5, what is -12440 - -132004133?
131441143
In base 13, what is 4103578 - 5?
4103573
In base 3, what is 12 + -210121211222220?
-210121211222201
In base 8, what is 24434015 + -103?
24433712
In base 12, what is -11977 - -2343?
-b634
In base 11, what is -87423 + -62?
-87485
In base 7, what is -602413311 - 0?
-602413311
In base 8, what is -1 - -3143261?
3143260
In base 15, what is -4cd + d87?
8a9
In base 6, what is 4 - -1445205252?
1445205300
In base 13, what is -7226 + 199?
-705a
In base 6, what is 13 - -24252344?
24252401
In base 10, what is 4345946 - 18?
4345928
In base 5, what is 3024012131 - 2003?
3024010123
In base 15, what is -419ee3 - -4?
-419ede
In base 13, what is 14